e remainder when 5631 is divided by 303?
177
What is the remainder when 29034 is divided by 3629?
2
What is the remainder when 80403 is divided by 224?
211
Calculate the remainder when 1916 is divided by 129.
110
What is the remainder when 480782 is divided by 49?
43
Calculate the remainder when 32358 is divided by 35.
18
Calculate the remainder when 3329 is divided by 222.
221
Calculate the remainder when 3821 is divided by 1862.
97
Calculate the remainder when 117327 is divided by 3259.
3
What is the remainder when 2376 is divided by 773?
57
Calculate the remainder when 4651 is divided by 49.
45
What is the remainder when 45823 is divided by 413?
393
Calculate the remainder when 1307 is divided by 332.
311
Calculate the remainder when 16573 is divided by 1996.
605
Calculate the remainder when 2030399 is divided by 240.
239
Calculate the remainder when 6809 is divided by 85.
9
Calculate the remainder when 451755 is divided by 34.
31
Calculate the remainder when 62336 is divided by 188.
108
Calculate the remainder when 7457 is divided by 74.
57
What is the remainder when 14339 is divided by 9?
2
Calculate the remainder when 11965 is divided by 43.
11
What is the remainder when 305723 is divided by 16?
11
Calculate the remainder when 77010 is divided by 58.
44
What is the remainder when 5875 is divided by 2078?
1719
Calculate the remainder when 8337 is divided by 697.
670
What is the remainder when 2254 is divided by 793?
668
What is the remainder when 508453 is divided by 510?
493
Calculate the remainder when 756 is divided by 83.
9
What is the remainder when 32884 is divided by 10956?
16
What is the remainder when 11131 is divided by 448?
379
What is the remainder when 5191 is divided by 40?
31
Calculate the remainder when 5208 is divided by 1625.
333
Calculate the remainder when 44733 is divided by 5571.
165
Calculate the remainder when 835011 is divided by 53.
49
Calculate the remainder when 8612 is divided by 1434.
8
What is the remainder when 3550 is divided by 322?
8
Calculate the remainder when 61643 is divided by 2935.
8
What is the remainder when 450529 is divided by 1854?
7
What is the remainder when 476669 is divided by 32?
29
What is the remainder when 234162 is divided by 216?
18
What is the remainder when 7549 is divided by 757?
736
What is the remainder when 92102 is divided by 45998?
106
What is the remainder when 27429 is divided by 1969?
1832
Calculate the remainder when 528247 is divided by 3.
1
What is the remainder when 61637 is divided by 98?
93
What is the remainder when 231414 is divided by 229?
124
Calculate the remainder when 1040269 is divided by 21.
13
What is the remainder when 5193 is divided by 42?
27
What is the remainder when 79658 is divided by 113?
106
Calculate the remainder when 43464 is divided by 1811.
0
What is the remainder when 6692 is divided by 6681?
11
What is the remainder when 88299 is divided by 104?
3
What is the remainder when 31868 is divided by 569?
4
What is the remainder when 19011 is divided by 5?
1
What is the remainder when 3204 is divided by 247?
240
Calculate the remainder when 43924 is divided by 35.
34
What is the remainder when 7931 is divided by 2641?
8
Calculate the remainder when 11833 is divided by 592.
585
What is the remainder when 124098 is divided by 62046?
6
What is the remainder when 31301 is divided by 54?
35
Calculate the remainder when 16939 is divided by 25.
14
Calculate the remainder when 360580 is divided by 360569.
11
Calculate the remainder when 1730 is divided by 349.
334
Calculate the remainder when 5117 is divided by 253.
57
What is the remainder when 91210 is divided by 91206?
4
Calculate the remainder when 4547 is divided by 1430.
257
Calculate the remainder when 1376 is divided by 55.
1
Calculate the remainder when 3351 is divided by 1329.
693
What is the remainder when 11234 is divided by 55?
14
Calculate the remainder when 112544 is divided by 45.
44
Calculate the remainder when 19920 is divided by 106.
98
Calculate the remainder when 57697 is divided by 57658.
39
Calculate the remainder when 293529 is divided by 73378.
17
What is the remainder when 4807 is divided by 686?
5
What is the remainder when 216192 is divided by 41?
40
Calculate the remainder when 11277267 is divided by 10.
7
What is the remainder when 1334395 is divided by 1390?
1385
Calculate the remainder when 1541327 is divided by 306.
5
Calculate the remainder when 932 is divided by 25.
7
Calculate the remainder when 2670 is divided by 2505.
165
Calculate the remainder when 18620 is divided by 164.
88
Calculate the remainder when 11455 is divided by 34.
31
What is the remainder when 24535 is divided by 42?
7
Calculate the remainder when 6129 is divided by 1473.
237
Calculate the remainder when 130 is divided by 127.
3
Calculate the remainder when 374796 is divided by 134.
132
Calculate the remainder when 8321875 is divided by 28.
23
What is the remainder when 1140 is divided by 204?
120
What is the remainder when 28257 is divided by 50?
7
What is the remainder when 19144 is divided by 2598?
958
What is the remainder when 141621 is divided by 387?
366
Calculate the remainder when 10409 is divided by 1156.
5
What is the remainder when 1281 is divided by 4?
1
Calculate the remainder when 2682 is divided by 894.
0
What is the remainder when 3509 is divided by 1892?
1617
Calculate the remainder when 235 is divided by 79.
77
What is the remainder when 1039678 is divided by 16?
14
What is the remainder when 166 is divided by 104?
62
What is the remainder when 34793 is divided by 6?
5
What is the remainder when 10561 is divided by 19?
16
What is the remainder when 66656 is divided by 16659?
20
What is the remainder when 1750 is divided by 661?
428
Calculate the remainder when 7353 is divided by 28.
17
Calculate the remainder when 53738 is divided by 71.
62
Calculate the remainder when 138559 is divided by 465.
454
What is the remainder when 19388 is divided by 102?
8
Calculate the remainder when 7324 is divided by 86.
14
What is the remainder when 68946 is divided by 197?
193
What is the remainder when 2405 is divided by 9?
2
What is the remainder when 35824 is divided by 141?
10
Calculate the remainder when 31045 is divided by 238.
105
What is the remainder when 7375 is divided by 4?
3
Calculate the remainder when 14450 is divided by 2406.
14
What is the remainder when 2019 is divided by 976?
67
What is the remainder when 255 is divided by 11?
2
What is the remainder when 24965 is divided by 11?
6
Calculate the remainder when 17246 is divided by 101.
76
Calculate the remainder when 2566057 is divided by 28.
25
What is the remainder when 43 is divided by 18?
7
Calculate the remainder when 4055073 is divided by 20.
13
What is the remainder when 855 is divided by 23?
4
Calculate the remainder when 8882091 is divided by 138.
135
Calculate the remainder when 2107 is divided by 366.
277
Calculate the remainder when 1344 is divided by 526.
292
Calculate the remainder when 17691 is divided by 12.
3
What is the remainder when 2545 is divided by 2521?
24
Calculate the remainder when 7646 is divided by 15.
11
Calculate the remainder when 13279 is divided by 4425.
4
What is the remainder when 307 is divided by 168?
139
What is the remainder when 2222 is divided by 63?
17
What is the remainder when 7903 is divided by 219?
19
What is the remainder when 15542 is divided by 706?
10
What is the remainder when 26211 is divided by 915?
591
Calculate the remainder when 27095 is divided by 271.
266
What is the remainder when 7704 is divided by 1284?
0
Calculate the remainder when 9465 is divided by 4673.
119
Calculate the remainder when 285385 is divided by 14.
9
Calculate the remainder when 9240 is divided by 46.
40
What is the remainder when 1970 is divided by 114?
32
Calculate the remainder when 1159339 is divided by 535.
529
What is the remainder when 476518 is divided by 110?
108
What is the remainder when 75983 is divided by 59?
50
What is the remainder when 184020 is divided by 161?
158
Calculate the remainder when 9247 is divided by 9080.
167
Calculate the remainder when 6808 is divided by 951.
151
What is the remainder when 28202 is divided by 420?
62
What is the remainder when 1964 is divided by 390?
14
W